{"id":14,"date":"2025-03-19T17:17:56","date_gmt":"2025-03-19T16:17:56","guid":{"rendered":"https:\/\/sacrecoeurpoulseur.be\/?page_id=14"},"modified":"2025-07-08T11:47:25","modified_gmt":"2025-07-08T09:47:25","slug":"ecole-sacre-coeur-poulseur","status":"publish","type":"page","link":"https:\/\/sacrecoeurpoulseur.be\/","title":{"rendered":"Ecole Sacr\u00e9 Coeur Poulseur"},"content":{"rendered":"<p>[et_pb_section fb_built=\u00a0\u00bb1&Prime; fullwidth=\u00a0\u00bbon\u00a0\u00bb _builder_version=\u00a0\u00bb4.27.4&Prime; _module_preset=\u00a0\u00bbdefault\u00a0\u00bb global_colors_info=\u00a0\u00bb{}\u00a0\u00bb][et_pb_fullwidth_slider _builder_version=\u00a0\u00bb4.27.4&Prime; _module_preset=\u00a0\u00bbdefault\u00a0\u00bb background_image=\u00a0\u00bbhttps:\/\/sacrecoeurpoulseur.be\/wp-content\/uploads\/2025\/03\/P1200647-1024&#215;768.jpg\u00a0\u00bb hover_enabled=\u00a0\u00bb0&Prime; global_colors_info=\u00a0\u00bb{}\u00a0\u00bb sticky_enabled=\u00a0\u00bb0&Prime;][et_pb_slide _builder_version=\u00a0\u00bb4.27.4&Prime; _module_preset=\u00a0\u00bbdefault\u00a0\u00bb background_image=\u00a0\u00bbhttps:\/\/sacrecoeurpoulseur.be\/wp-content\/uploads\/2025\/07\/SC02-scaled.jpg\u00a0\u00bb background_enable_image=\u00a0\u00bbon\u00a0\u00bb hover_enabled=\u00a0\u00bb0&Prime; global_colors_info=\u00a0\u00bb{}\u00a0\u00bb sticky_transition=\u00a0\u00bbon\u00a0\u00bb title_text=\u00a0\u00bbSC02&Prime; sticky_enabled=\u00a0\u00bb0&Prime;][\/et_pb_slide][et_pb_slide _builder_version=\u00a0\u00bb4.27.4&Prime; _module_preset=\u00a0\u00bbdefault\u00a0\u00bb background_image=\u00a0\u00bbhttps:\/\/sacrecoeurpoulseur.be\/wp-content\/uploads\/2025\/03\/SC01-scaled.jpg\u00a0\u00bb background_enable_image=\u00a0\u00bbon\u00a0\u00bb global_colors_info=\u00a0\u00bb{}\u00a0\u00bb sticky_transition=\u00a0\u00bbon\u00a0\u00bb][\/et_pb_slide][\/et_pb_fullwidth_slider][\/et_pb_section][et_pb_section fb_built=\u00a0\u00bb1&Prime; _builder_version=\u00a0\u00bb4.27.4&Prime; _module_preset=\u00a0\u00bbdefault\u00a0\u00bb custom_padding=\u00a0\u00bb40px|||||\u00a0\u00bb global_colors_info=\u00a0\u00bb{}\u00a0\u00bb][et_pb_row column_structure=\u00a0\u00bb1_2,1_2&Prime; _builder_version=\u00a0\u00bb4.27.4&Prime; _module_preset=\u00a0\u00bbdefault\u00a0\u00bb global_colors_info=\u00a0\u00bb{}\u00a0\u00bb][et_pb_column type=\u00a0\u00bb1_2&Prime; _builder_version=\u00a0\u00bb4.27.4&Prime; _module_preset=\u00a0\u00bbdefault\u00a0\u00bb global_colors_info=\u00a0\u00bb{}\u00a0\u00bb][et_pb_text _builder_version=\u00a0\u00bb4.27.4&Prime; _module_preset=\u00a0\u00bbdefault\u00a0\u00bb global_colors_info=\u00a0\u00bb{}\u00a0\u00bb]<\/p>\n<p style=\"text-align: justify;\">Bienvenue sur le site de l\u2019<strong data-start=\"257\" data-end=\"284\">\u00e9cole libre de Poulseur<\/strong> ! Nous sommes une \u00e9cole chr\u00e9tienne engag\u00e9e dans l\u2019\u00e9ducation et le bien-\u00eatre des enfants, avec une approche p\u00e9dagogique bas\u00e9e sur <strong data-start=\"414\" data-end=\"456\">l\u2019ouverture, le respect et la r\u00e9ussite<\/strong>.<br data-start=\"457\" data-end=\"460\" \/>Notre \u00e9quipe met tout en \u0153uvre pour accompagner chaque \u00e9l\u00e8ve dans son apprentissage et son d\u00e9veloppement personnel.<br data-start=\"575\" data-end=\"578\" \/>D\u00e9couvrez notre \u00e9cole, nos valeurs et nos projets \u00e9ducatifs !<\/p>\n<p>[\/et_pb_text][et_pb_button button_url=\u00a0\u00bbhttps:\/\/sacrecoeurpoulseur.be\/index.php\/presentation-de-lecole\/\u00a0\u00bb button_text=\u00a0\u00bbD\u00e9couvrez notre \u00e9cole\u00a0\u00bb button_alignment=\u00a0\u00bbcenter\u00a0\u00bb _builder_version=\u00a0\u00bb4.27.4&Prime; _module_preset=\u00a0\u00bbdefault\u00a0\u00bb global_colors_info=\u00a0\u00bb{}\u00a0\u00bb][\/et_pb_button][\/et_pb_column][et_pb_column type=\u00a0\u00bb1_2&Prime; _builder_version=\u00a0\u00bb4.27.4&Prime; _module_preset=\u00a0\u00bbdefault\u00a0\u00bb global_colors_info=\u00a0\u00bb{}\u00a0\u00bb][et_pb_image src=\u00a0\u00bbhttps:\/\/sacrecoeurpoulseur.be\/wp-content\/uploads\/2025\/03\/Sacre-coeur-aerial.jpg\u00a0\u00bb title_text=\u00a0\u00bbSacre-coeur-aerial\u00a0\u00bb _builder_version=\u00a0\u00bb4.27.4&Prime; _module_preset=\u00a0\u00bbdefault\u00a0\u00bb global_colors_info=\u00a0\u00bb{}\u00a0\u00bb][\/et_pb_image][\/et_pb_column][\/et_pb_row][\/et_pb_section][et_pb_section fb_built=\u00a0\u00bb1&Prime; _builder_version=\u00a0\u00bb4.27.4&Prime; _module_preset=\u00a0\u00bbdefault\u00a0\u00bb global_colors_info=\u00a0\u00bb{}\u00a0\u00bb][et_pb_row _builder_version=\u00a0\u00bb4.27.4&Prime; _module_preset=\u00a0\u00bbdefault\u00a0\u00bb global_colors_info=\u00a0\u00bb{}\u00a0\u00bb][et_pb_column type=\u00a0\u00bb4_4&Prime; _builder_version=\u00a0\u00bb4.27.4&Prime; _module_preset=\u00a0\u00bbdefault\u00a0\u00bb global_colors_info=\u00a0\u00bb{}\u00a0\u00bb][et_pb_toggle title=\u00a0\u00bbINSCRIPTIONS 2025-2026&Prime; _builder_version=\u00a0\u00bb4.27.4&Prime; _module_preset=\u00a0\u00bbdefault\u00a0\u00bb global_colors_info=\u00a0\u00bb{}\u00a0\u00bb]<\/p>\n<p>Les inscriptions sont d\u00e9j\u00e0 ouvertes pour l&rsquo;ann\u00e9e scolaire 2025-2026 !<br \/>Contactez-nous sans plus attendre au 04\/380.46.00 ou par e-mail \u00e0 l&rsquo;adresse <a href=\"mailto:direction@sacrecoeurpoulseur.be\">direction@sacrecoeurpoulseur.be<\/a> pour prendre rendez-vous.<\/p>\n<p><span style=\"color: #993366;\"><strong><em>Horaire des permanences ao\u00fbt :<\/em><\/strong><\/span><\/p>\n<ul>\n<li>Lundi 11\/08 : 10h00 \u00e0 12h00<\/li>\n<li>Mardi 12\/08 : 10h00 \u00e0 12h00<\/li>\n<li>Mercredi 13\/08 : 10h00 \u00e0 12h00<\/li>\n<li>Jeudi 14\/08 : 10h00 \u00e0 12h00<\/li>\n<li>Lundi 18\/08 : 10h00 \u00e0 12h00 + 13h30 \u00e0 15h30<\/li>\n<li>Mardi 19\/08 : 10h00 \u00e0 12h00 + 13h30 \u00e0 15h30<\/li>\n<li>Mercredi 20\/08 : 10h00 \u00e0 12h00 + 13h30 \u00e0 15h30<\/li>\n<li>Jeudi 21\/08 : 10h00 \u00e0 12h00 + 13h30 \u00e0 15h30<\/li>\n<li>Vendredi 22\/08 : 10h00 \u00e0 12h00 + 13h30 \u00e0 15h30<\/li>\n<\/ul>\n<p>[\/et_pb_toggle][\/et_pb_column][\/et_pb_row][\/et_pb_section][et_pb_section fb_built=\u00a0\u00bb1&Prime; _builder_version=\u00a0\u00bb4.27.4&Prime; _module_preset=\u00a0\u00bbdefault\u00a0\u00bb background_color=\u00a0\u00bb#F4E1E9&Prime; global_colors_info=\u00a0\u00bb{}\u00a0\u00bb][et_pb_row _builder_version=\u00a0\u00bb4.27.4&Prime; _module_preset=\u00a0\u00bbdefault\u00a0\u00bb global_colors_info=\u00a0\u00bb{}\u00a0\u00bb][et_pb_column type=\u00a0\u00bb4_4&Prime; _builder_version=\u00a0\u00bb4.27.4&Prime; _module_preset=\u00a0\u00bbdefault\u00a0\u00bb global_colors_info=\u00a0\u00bb{}\u00a0\u00bb][et_pb_text _builder_version=\u00a0\u00bb4.27.4&Prime; _module_preset=\u00a0\u00bbdefault\u00a0\u00bb global_colors_info=\u00a0\u00bb{}\u00a0\u00bb]<\/p>\n<h3><span style=\"color: #993366;\"><strong>Cong\u00e9s scolaires ann\u00e9e 2025-2026<\/strong><\/span><\/h3>\n<table border=\"0\" style=\"width: 80%; border-collapse: collapse; border-style: hidden;\">\n<tbody>\n<tr>\n<td style=\"width: 50%;\">Rentr\u00e9e scolaire<\/td>\n<td style=\"width: 50%;\">lundi 25 ao\u00fbt 2025<\/td>\n<\/tr>\n<tr>\n<td style=\"width: 50%;\">F\u00eate de la Communaut\u00e9 Fran\u00e7aise<\/td>\n<td style=\"width: 50%;\">samedi 27 septembre 2025<\/td>\n<\/tr>\n<tr>\n<td style=\"width: 50%;\">Cong\u00e9 de Toussaint<\/td>\n<td style=\"width: 50%;\">du lundi 20 octobre au dimanche 2 novembre 2025<\/td>\n<\/tr>\n<tr>\n<td style=\"width: 50%;\">Comm\u00e9moration du 11 novembre<\/td>\n<td style=\"width: 50%;\">mardi 11 novembre 2025<\/td>\n<\/tr>\n<tr>\n<td style=\"width: 50%;\">Vacances de No\u00ebl<\/td>\n<td style=\"width: 50%;\">du lundi 22 d\u00e9cembre au dimanche 4 janvier 2026<\/td>\n<\/tr>\n<tr>\n<td style=\"width: 50%;\">Cong\u00e9 de Carnaval<\/td>\n<td style=\"width: 50%;\">du lundi 16 f\u00e9vrier au dimanche 1<sup>er<\/sup> mars 2026<\/td>\n<\/tr>\n<tr>\n<td style=\"width: 50%;\">Lundi de P\u00e2ques<\/td>\n<td style=\"width: 50%;\">lundi 6 avril 2026<\/td>\n<\/tr>\n<tr>\n<td style=\"width: 50%;\">Vacances de P\u00e2ques<\/td>\n<td style=\"width: 50%;\">du lundi 27 avril au dimanche 10 mai 2026<\/td>\n<\/tr>\n<tr>\n<td style=\"width: 50%;\">F\u00eate du 1<sup>er<\/sup> mai<\/td>\n<td style=\"width: 50%;\">&#8211;<\/td>\n<\/tr>\n<tr>\n<td style=\"width: 50%;\">Ascension<\/td>\n<td style=\"width: 50%;\">jeudi 14 mai 2026<\/td>\n<\/tr>\n<tr>\n<td style=\"width: 50%;\">Lundi de Pentec\u00f4te<\/td>\n<td style=\"width: 50%;\">lundi 25 mai 2026<\/td>\n<\/tr>\n<tr>\n<td style=\"width: 50%;\">Vacances d\u2019\u00e9t\u00e9<\/td>\n<td style=\"width: 50%;\">samedi 4 juillet 2026<\/td>\n<\/tr>\n<tr>\n<td style=\"width: 50%;\"><\/td>\n<td style=\"width: 50%;\"><\/td>\n<\/tr>\n<tr>\n<td style=\"width: 50%;\">Conf\u00e9rences p\u00e9dagogiques<\/td>\n<td style=\"width: 50%;\"><span style=\"color: #0a0000;\">14 octobre 2025 et 15 janvier 2026<\/span><\/td>\n<\/tr>\n<\/tbody>\n<\/table>\n<p>[\/et_pb_text][\/et_pb_column][\/et_pb_row][\/et_pb_section][et_pb_section fb_built=\u00a0\u00bb1&Prime; _builder_version=\u00a0\u00bb4.27.4&Prime; _module_preset=\u00a0\u00bbdefault\u00a0\u00bb background_color=\u00a0\u00bb#FFFFFF\u00a0\u00bb global_colors_info=\u00a0\u00bb{}\u00a0\u00bb][et_pb_row _builder_version=\u00a0\u00bb4.27.4&Prime; _module_preset=\u00a0\u00bbdefault\u00a0\u00bb background_color=\u00a0\u00bbRGBA(255,255,255,0)\u00a0\u00bb global_colors_info=\u00a0\u00bb{}\u00a0\u00bb][et_pb_column type=\u00a0\u00bb4_4&Prime; _builder_version=\u00a0\u00bb4.27.4&Prime; _module_preset=\u00a0\u00bbdefault\u00a0\u00bb global_colors_info=\u00a0\u00bb{}\u00a0\u00bb][et_pb_text _builder_version=\u00a0\u00bb4.27.4&Prime; _module_preset=\u00a0\u00bbdefault\u00a0\u00bb background_color=\u00a0\u00bb#F4E1E9&Prime; global_colors_info=\u00a0\u00bb{}\u00a0\u00bb]<\/p>\n<h3><span style=\"color: #993366;\"><strong>Calendrier des festivit\u00e9s 2025-2026<\/strong><\/span><\/h3>\n<table border=\"0\" style=\"width: 80.2043%; border-collapse: collapse; border-style: hidden;\" height=\"207\">\n<tbody>\n<tr>\n<td style=\"width: 50%;\">D\u00e9jeuner de la rentr\u00e9e<\/td>\n<td style=\"width: 50%;\">lundi 25 ao\u00fbt 2025 \u00e0 8h45<\/td>\n<\/tr>\n<tr>\n<td style=\"width: 50%;\">Souper d\u2019automne<\/td>\n<td style=\"width: 50%;\">samedi 4 octobre 2025<\/td>\n<\/tr>\n<tr>\n<td style=\"width: 50%;\">Saint-Nicolas<\/td>\n<td style=\"width: 50%;\">vendredi 5 d\u00e9cembre 2025<\/td>\n<\/tr>\n<tr>\n<td style=\"width: 50%;\">F\u00eate de No\u00ebl et c\u00e9l\u00e9bration<\/td>\n<td style=\"width: 50%;\">mercredi 17 d\u00e9cembre 2025<\/td>\n<\/tr>\n<tr>\n<td style=\"width: 50%;\">Bal de carnaval<\/td>\n<td style=\"width: 50%;\">dimanche 8 f\u00e9vrier 2026<\/td>\n<\/tr>\n<tr>\n<td style=\"width: 50%;\">Souper du printemps<\/td>\n<td style=\"width: 50%;\">samedi 11 avril 2026<\/td>\n<\/tr>\n<tr>\n<td style=\"width: 50%;\">Fancy-Fair<\/td>\n<td style=\"width: 50%;\">samedi 27 et dimanche 28 juin 2026<\/td>\n<\/tr>\n<\/tbody>\n<\/table>\n<p>[\/et_pb_text][\/et_pb_column][\/et_pb_row][\/et_pb_section][et_pb_section fb_built=\u00a0\u00bb1&Prime; disabled_on=\u00a0\u00bbon|on|on\u00a0\u00bb _builder_version=\u00a0\u00bb4.27.4&Prime; _module_preset=\u00a0\u00bbdefault\u00a0\u00bb background_color=\u00a0\u00bb#E0D4D8&Prime; disabled=\u00a0\u00bbon\u00a0\u00bb global_colors_info=\u00a0\u00bb{}\u00a0\u00bb][et_pb_row column_structure=\u00a0\u00bb3_4,1_4&Prime; _builder_version=\u00a0\u00bb4.27.4&Prime; _module_preset=\u00a0\u00bbdefault\u00a0\u00bb global_colors_info=\u00a0\u00bb{}\u00a0\u00bb][et_pb_column type=\u00a0\u00bb3_4&Prime; _builder_version=\u00a0\u00bb4.27.4&Prime; _module_preset=\u00a0\u00bbdefault\u00a0\u00bb global_colors_info=\u00a0\u00bb{}\u00a0\u00bb][et_pb_text _builder_version=\u00a0\u00bb4.27.4&Prime; _module_preset=\u00a0\u00bbdefault\u00a0\u00bb global_colors_info=\u00a0\u00bb{}\u00a0\u00bb]<\/p>\n<h1>Pour la vie au quotidien d\u00e9couvrez notre Blog:<\/h1>\n<p>[\/et_pb_text][et_pb_text _builder_version=\u00a0\u00bb4.27.4&Prime; _module_preset=\u00a0\u00bbdefault\u00a0\u00bb global_colors_info=\u00a0\u00bb{}\u00a0\u00bb]<\/p>\n<h1>Derniers articles du Blog:<\/h1>\n<p>[\/et_pb_text][\/et_pb_column][et_pb_column type=\u00a0\u00bb1_4&Prime; _builder_version=\u00a0\u00bb4.27.4&Prime; _module_preset=\u00a0\u00bbdefault\u00a0\u00bb global_colors_info=\u00a0\u00bb{}\u00a0\u00bb][et_pb_button button_text=\u00a0\u00bbVoir le Blog\u00a0\u00bb button_alignment=\u00a0\u00bbleft\u00a0\u00bb _builder_version=\u00a0\u00bb4.27.4&Prime; _module_preset=\u00a0\u00bbdefault\u00a0\u00bb global_colors_info=\u00a0\u00bb{}\u00a0\u00bb][\/et_pb_button][\/et_pb_column][\/et_pb_row][et_pb_row _builder_version=\u00a0\u00bb4.27.4&Prime; _module_preset=\u00a0\u00bbdefault\u00a0\u00bb global_colors_info=\u00a0\u00bb{}\u00a0\u00bb][et_pb_column type=\u00a0\u00bb4_4&Prime; _builder_version=\u00a0\u00bb4.27.4&Prime; _module_preset=\u00a0\u00bbdefault\u00a0\u00bb global_colors_info=\u00a0\u00bb{}\u00a0\u00bb][et_pb_blog fullwidth=\u00a0\u00bboff\u00a0\u00bb posts_number=\u00a0\u00bb3&Prime; _builder_version=\u00a0\u00bb4.27.4&Prime; _module_preset=\u00a0\u00bbdefault\u00a0\u00bb global_colors_info=\u00a0\u00bb{}\u00a0\u00bb][\/et_pb_blog][\/et_pb_column][\/et_pb_row][\/et_pb_section]<\/p>\n","protected":false},"excerpt":{"rendered":"<p>Bienvenue sur le site de l\u2019\u00e9cole libre de Poulseur ! Nous sommes une \u00e9cole chr\u00e9tienne engag\u00e9e dans l\u2019\u00e9ducation et le bien-\u00eatre des enfants, avec une approche p\u00e9dagogique bas\u00e9e sur l\u2019ouverture, le respect et la r\u00e9ussite.Notre \u00e9quipe met tout en \u0153uvre pour accompagner chaque \u00e9l\u00e8ve dans son apprentissage et son d\u00e9veloppement personnel.D\u00e9couvrez notre \u00e9cole, nos valeurs et nos projets \u00e9ducatifs !Les inscriptions sont d\u00e9j\u00e0 ouvertes pour l&rsquo;ann\u00e9e scolaire 2025-2026 !Contactez-nous sans plus attendre au 04\/380.46.00 ou par e-mail \u00e0 l&rsquo;adresse direction@sacrecoeurpoulseur.be pour prendre rendez-vous. Horaire des permanences ao\u00fbt : Lundi 11\/08 : 10h00 \u00e0 12h00 Mardi 12\/08 : 10h00 \u00e0 12h00 Mercredi 13\/08 : 10h00 \u00e0 12h00 Jeudi 14\/08 : 10h00 \u00e0 12h00 Lundi 18\/08 : 10h00 \u00e0 12h00 + 13h30 \u00e0 15h30 Mardi 19\/08 : 10h00 \u00e0 12h00 + 13h30 \u00e0 15h30 Mercredi 20\/08 : 10h00 \u00e0 12h00 + 13h30 \u00e0 15h30 Jeudi 21\/08 : 10h00 \u00e0 12h00 + 13h30 \u00e0 15h30 Vendredi 22\/08 : 10h00 \u00e0 12h00 + 13h30 \u00e0 15h30 Cong\u00e9s scolaires ann\u00e9e 2025-2026 Rentr\u00e9e scolaire lundi 25 ao\u00fbt 2025 F\u00eate de la Communaut\u00e9 Fran\u00e7aise samedi 27 septembre 2025 Cong\u00e9 de Toussaint du lundi 20 octobre au dimanche 2 novembre 2025 Comm\u00e9moration du 11 novembre mardi 11 novembre [&hellip;]<\/p>\n","protected":false},"author":1,"featured_media":0,"parent":0,"menu_order":0,"comment_status":"closed","ping_status":"closed","template":"","meta":{"_et_pb_use_builder":"on","_et_pb_old_content":"","_et_gb_content_width":"","footnotes":""},"class_list":["post-14","page","type-page","status-publish","hentry"],"_links":{"self":[{"href":"https:\/\/sacrecoeurpoulseur.be\/index.php\/wp-json\/wp\/v2\/pages\/14","targetHints":{"allow":["GET"]}}],"collection":[{"href":"https:\/\/sacrecoeurpoulseur.be\/index.php\/wp-json\/wp\/v2\/pages"}],"about":[{"href":"https:\/\/sacrecoeurpoulseur.be\/index.php\/wp-json\/wp\/v2\/types\/page"}],"author":[{"embeddable":true,"href":"https:\/\/sacrecoeurpoulseur.be\/index.php\/wp-json\/wp\/v2\/users\/1"}],"replies":[{"embeddable":true,"href":"https:\/\/sacrecoeurpoulseur.be\/index.php\/wp-json\/wp\/v2\/comments?post=14"}],"version-history":[{"count":21,"href":"https:\/\/sacrecoeurpoulseur.be\/index.php\/wp-json\/wp\/v2\/pages\/14\/revisions"}],"predecessor-version":[{"id":222,"href":"https:\/\/sacrecoeurpoulseur.be\/index.php\/wp-json\/wp\/v2\/pages\/14\/revisions\/222"}],"wp:attachment":[{"href":"https:\/\/sacrecoeurpoulseur.be\/index.php\/wp-json\/wp\/v2\/media?parent=14"}],"curies":[{"name":"wp","href":"https:\/\/api.w.org\/{rel}","templated":true}]}}